{"id":11926,"date":"2021-05-31T19:29:01","date_gmt":"2021-05-31T17:29:01","guid":{"rendered":"https:\/\/www.keune.hr\/1922-refreshing-shampoo\/"},"modified":"2026-05-09T05:33:28","modified_gmt":"2026-05-09T03:33:28","slug":"1922-refreshing-shampoo-250-ml","status":"publish","type":"product","link":"https:\/\/www.keune.hr\/webshop\/1922-refreshing-shampoo-250-ml\/","title":{"rendered":"1922 Refreshing Shampoo 250 ml"},"content":{"rendered":"<p>Energizirajte kosu svaki dan kosu Refreshing \u0161amponom iz linije 1922 by J.M. Keune s\u00a0 peckavim osje\u0107ajem peperminta i mentola kako bi odr\u017eali vlasi\u0161te u dobroj formi.<\/p>\n<p>Za onaj energiziraju\u0107i, \u010dist osje\u0107aj. Kakav dobar na\u010din za po\u010detak dana.<\/p>\n<p>Prikladan za sve tipove kose, ovaj \u0161ampon ja\u010da i hrani kosu kreatinom.<\/p>\n<p>Savr\u0161eno za svakodnevnu upotrebu ili za ona jutra kada osjetite potrebu za \u017eestokim razbu\u0111ivanjem.<\/p>\n<p>Pepermint i mentol poti\u010du dotok krvi u vlasi\u0161te, a osje\u0107aj je fantasti\u010dno energiziraju\u0107i.<\/p>\n<p>Umasirajte malu koli\u010dinu u mokru kosu i vlasi\u0161te. Ostavite jednu minutu (ili vi\u0161e). Isperite. Ponovite po potrebi. Izbjegavajte kontakt s o\u010dima.<\/p>\n","protected":false},"excerpt":{"rendered":"<p>Svje\u017e po\u010detak, u boci.<\/p>\n<p>Refreshing Shampoo hladi i daje osje\u0107aj laganih trnaca u vlasi\u0161tu. Sadr\u017ei mentol i pepermint za osje\u0107aj svje\u017eine.<\/p>\n<p>Dodatno oboga\u0107en kreatinom.<\/p>\n","protected":false},"featured_media":11800,"template":"","meta":{"_acf_changed":false},"product_brand":[],"product_cat":[699,701,758,660,696],"product_tag":[],"class_list":{"0":"post-11926","1":"product","2":"type-product","3":"status-publish","4":"has-post-thumbnail","6":"product_cat-robna-marka","7":"product_cat-1922-by-j-m-keune","8":"product_cat-refreshing","9":"product_cat-za-muskarce","10":"product_cat-sampon-za-muskarce","12":"first","13":"instock","14":"taxable","15":"shipping-taxable","16":"purchasable","17":"product-type-simple"},"acf":[],"_links":{"self":[{"href":"https:\/\/www.keune.hr\/webshop\/wp-json\/wp\/v2\/product\/11926","targetHints":{"allow":["GET"]}}],"collection":[{"href":"https:\/\/www.keune.hr\/webshop\/wp-json\/wp\/v2\/product"}],"about":[{"href":"https:\/\/www.keune.hr\/webshop\/wp-json\/wp\/v2\/types\/product"}],"version-history":[{"count":5,"href":"https:\/\/www.keune.hr\/webshop\/wp-json\/wp\/v2\/product\/11926\/revisions"}],"predecessor-version":[{"id":16122,"href":"https:\/\/www.keune.hr\/webshop\/wp-json\/wp\/v2\/product\/11926\/revisions\/16122"}],"wp:featuredmedia":[{"embeddable":true,"href":"https:\/\/www.keune.hr\/webshop\/wp-json\/wp\/v2\/media\/11800"}],"wp:attachment":[{"href":"https:\/\/www.keune.hr\/webshop\/wp-json\/wp\/v2\/media?parent=11926"}],"wp:term":[{"taxonomy":"product_brand","embeddable":true,"href":"https:\/\/www.keune.hr\/webshop\/wp-json\/wp\/v2\/product_brand?post=11926"},{"taxonomy":"product_cat","embeddable":true,"href":"https:\/\/www.keune.hr\/webshop\/wp-json\/wp\/v2\/product_cat?post=11926"},{"taxonomy":"product_tag","embeddable":true,"href":"https:\/\/www.keune.hr\/webshop\/wp-json\/wp\/v2\/product_tag?post=11926"}],"curies":[{"name":"wp","href":"https:\/\/api.w.org\/{rel}","templated":true}]}}