{"id":23581,"date":"2024-09-05T11:12:53","date_gmt":"2024-09-05T09:12:53","guid":{"rendered":"https:\/\/www.keune.hr\/webshop\/?post_type=product&#038;p=23581"},"modified":"2026-04-15T21:33:46","modified_gmt":"2026-04-15T19:33:46","slug":"style-smooth-operator-30-ml","status":"publish","type":"product","link":"https:\/\/www.keune.hr\/webshop\/style-smooth-operator-30-ml\/","title":{"rendered":"Style Smooth Operator 30 ml"},"content":{"rendered":"<p>Predstavljamo na\u0161 Smooth Operator serum za zagla\u0111ivanje: bez te\u017eine, hranjiva formula namijenjena borbi protiv frizzy efekta i pobolj\u0161anju sjaja do 89%*.<\/p>\n<p>Pro\u017eet vitaminom E i proteinima povr\u0107em, ostavlja va\u0161u kosu nahranjenom i za\u0161ti\u0107enom.<\/p>\n<p><strong>Kako koristiti?<\/strong><br \/>\nUtrljajte malu kap u ruke, zatim nanesite na vla\u017enu ili suhu kosu.<\/p>\n","protected":false},"excerpt":{"rendered":"<p>Kosa bez frizzy efekta koja blista.<\/p>\n<ul>\n<li>Zagla\u0111uje frizzy efekt<\/li>\n<li>Polira kosu<\/li>\n<li>Pove\u0107ava sjaj do 89%*<\/li>\n<li>Serum bez te\u017eine<\/li>\n<li>Sadr\u017ei vitamin E, prirodni antioksidans.<\/li>\n<li>Poma\u017ee u za\u0161titu kose od vanjskih utjecaja<\/li>\n<li>Oboga\u0107en biljnim proteinima za pomo\u0107 u njezi i ja\u010danju kose.<\/li>\n<\/ul>\n","protected":false},"featured_media":23514,"template":"","meta":{"_acf_changed":false},"product_brand":[],"product_cat":[699,702,870,658,685],"product_tag":[],"class_list":{"0":"post-23581","1":"product","2":"type-product","3":"status-publish","4":"has-post-thumbnail","6":"product_cat-robna-marka","7":"product_cat-style","8":"product_cat-smooth-and-shine","9":"product_cat-styling","10":"product_cat-serum-styling","12":"first","13":"instock","14":"taxable","15":"shipping-taxable","16":"purchasable","17":"product-type-simple"},"acf":[],"_links":{"self":[{"href":"https:\/\/www.keune.hr\/webshop\/wp-json\/wp\/v2\/product\/23581","targetHints":{"allow":["GET"]}}],"collection":[{"href":"https:\/\/www.keune.hr\/webshop\/wp-json\/wp\/v2\/product"}],"about":[{"href":"https:\/\/www.keune.hr\/webshop\/wp-json\/wp\/v2\/types\/product"}],"version-history":[{"count":4,"href":"https:\/\/www.keune.hr\/webshop\/wp-json\/wp\/v2\/product\/23581\/revisions"}],"predecessor-version":[{"id":23645,"href":"https:\/\/www.keune.hr\/webshop\/wp-json\/wp\/v2\/product\/23581\/revisions\/23645"}],"wp:featuredmedia":[{"embeddable":true,"href":"https:\/\/www.keune.hr\/webshop\/wp-json\/wp\/v2\/media\/23514"}],"wp:attachment":[{"href":"https:\/\/www.keune.hr\/webshop\/wp-json\/wp\/v2\/media?parent=23581"}],"wp:term":[{"taxonomy":"product_brand","embeddable":true,"href":"https:\/\/www.keune.hr\/webshop\/wp-json\/wp\/v2\/product_brand?post=23581"},{"taxonomy":"product_cat","embeddable":true,"href":"https:\/\/www.keune.hr\/webshop\/wp-json\/wp\/v2\/product_cat?post=23581"},{"taxonomy":"product_tag","embeddable":true,"href":"https:\/\/www.keune.hr\/webshop\/wp-json\/wp\/v2\/product_tag?post=23581"}],"curies":[{"name":"wp","href":"https:\/\/api.w.org\/{rel}","templated":true}]}}