{"id":24434,"date":"2024-12-08T13:29:18","date_gmt":"2024-12-08T12:29:18","guid":{"rendered":"https:\/\/www.keune.hr\/webshop\/?post_type=product&#038;p=24434"},"modified":"2026-01-11T12:56:08","modified_gmt":"2026-01-11T11:56:08","slug":"so-pure-clarify-shampoo-refill","status":"publish","type":"product","link":"https:\/\/www.keune.hr\/webshop\/so-pure-clarify-shampoo-refill\/","title":{"rendered":"So Pure Clarify Shampoo Refill"},"content":{"rendered":"<p>\u0160ampon za nje\u017eno \u010di\u0161\u0107enje vlasi\u0161ta, uklanjanje ne\u010disto\u0107a i nakupljenih proizvoda. Nakon kori\u0161tenja \u0161ampona So Pure Clarify osje\u0107aj je kao da je va\u0161a kosa bez te\u017eine.<\/p>\n<ul>\n<li>Veganski i bez okrutnosti prema \u017eivotinjama<\/li>\n<li>Uglji\u010dno neutralan<\/li>\n<li>Ne sadr\u017ei gluten, silikone, sulfate i umjetna bojila<\/li>\n<li>Mogu\u0107nost ponovnog punjenja<\/li>\n<li>Koncentrirana formula<\/li>\n<li>Pogodno za obojenu kosu<\/li>\n<li>96% prirodnog podrijetla<\/li>\n<\/ul>\n<p><strong>UPOTREBA:<\/strong>\u00a0Umasirajte u mokru kosu. Temeljito isperite. Po \u017eelji ponovite.<\/p>\n","protected":false},"excerpt":{"rendered":"<p><strong>So Pure Clarify \u0161ampon<\/strong>\u00a0dubinski i nje\u017eno \u010disti kosu i vlasi\u0161te. Sadr\u017ei detoksiciraju\u0107u nar granatu koja poma\u017ee ukloniti ne\u010disto\u0107e i naslage od nakupljenih proizvoda.<\/p>\n","protected":false},"featured_media":24435,"template":"","meta":{"_acf_changed":false},"product_brand":[],"product_cat":[657,663,706],"product_tag":[],"class_list":{"0":"post-24434","1":"product","2":"type-product","3":"status-publish","4":"has-post-thumbnail","6":"product_cat-njega-kose","7":"product_cat-sampon","8":"product_cat-so-pure","10":"first","11":"instock","12":"taxable","13":"shipping-taxable","14":"purchasable","15":"product-type-simple"},"acf":[],"_links":{"self":[{"href":"https:\/\/www.keune.hr\/webshop\/wp-json\/wp\/v2\/product\/24434","targetHints":{"allow":["GET"]}}],"collection":[{"href":"https:\/\/www.keune.hr\/webshop\/wp-json\/wp\/v2\/product"}],"about":[{"href":"https:\/\/www.keune.hr\/webshop\/wp-json\/wp\/v2\/types\/product"}],"version-history":[{"count":4,"href":"https:\/\/www.keune.hr\/webshop\/wp-json\/wp\/v2\/product\/24434\/revisions"}],"predecessor-version":[{"id":24459,"href":"https:\/\/www.keune.hr\/webshop\/wp-json\/wp\/v2\/product\/24434\/revisions\/24459"}],"wp:featuredmedia":[{"embeddable":true,"href":"https:\/\/www.keune.hr\/webshop\/wp-json\/wp\/v2\/media\/24435"}],"wp:attachment":[{"href":"https:\/\/www.keune.hr\/webshop\/wp-json\/wp\/v2\/media?parent=24434"}],"wp:term":[{"taxonomy":"product_brand","embeddable":true,"href":"https:\/\/www.keune.hr\/webshop\/wp-json\/wp\/v2\/product_brand?post=24434"},{"taxonomy":"product_cat","embeddable":true,"href":"https:\/\/www.keune.hr\/webshop\/wp-json\/wp\/v2\/product_cat?post=24434"},{"taxonomy":"product_tag","embeddable":true,"href":"https:\/\/www.keune.hr\/webshop\/wp-json\/wp\/v2\/product_tag?post=24434"}],"curies":[{"name":"wp","href":"https:\/\/api.w.org\/{rel}","templated":true}]}}