{"id":25467,"date":"2025-05-12T10:18:23","date_gmt":"2025-05-12T08:18:23","guid":{"rendered":"https:\/\/www.keune.hr\/webshop\/?post_type=product&#038;p=25467"},"modified":"2026-05-01T10:43:33","modified_gmt":"2026-05-01T08:43:33","slug":"1922-strong-hold-wax-2","status":"publish","type":"product","link":"https:\/\/www.keune.hr\/webshop\/1922-strong-hold-wax-2\/","title":{"rendered":"1922 Strong Hold Wax"},"content":{"rendered":"<p>Beskrajno sna\u017eno dr\u017eanje i savr\u0161en sjaj? Keune&#8217;s Strong Hold Wax odr\u017eava va\u0161u kosu savr\u0161eno oblikovanom cijeli dan s idealnim sjajem zahvaljuju\u0107i jedinstvenoj formuli koja uklju\u010duje kreatin. Do\u017eivite poznati miris J.M. Keunea iz 1922. godine s dozom svje\u017ee, tople senzualnosti.<\/p>\n","protected":false},"excerpt":{"rendered":"<p>Vosak za suvremene mu\u0161karce. Ima jako u\u010dvr\u0161\u0107enje i perfektan sjaj, ne masti kosu zbog savr\u0161enstva u formulaciji. Frizure ostaju na mjestu, fleksibilne i sa savr\u0161enim sjajem<\/p>\n","protected":false},"featured_media":25468,"template":"","meta":{"_acf_changed":false},"product_brand":[],"product_cat":[699,701,759,688,660,695],"product_tag":[811,810],"class_list":{"0":"post-25467","1":"product","2":"type-product","3":"status-publish","4":"has-post-thumbnail","6":"product_cat-robna-marka","7":"product_cat-1922-by-j-m-keune","8":"product_cat-styling-1922-by-j-m-keune","9":"product_cat-vosak","10":"product_cat-za-muskarce","11":"product_cat-styling-za-muskarce","12":"product_tag-jako-ucvrscenje","13":"product_tag-vosak","15":"first","16":"instock","17":"taxable","18":"shipping-taxable","19":"purchasable","20":"product-type-simple"},"acf":[],"_links":{"self":[{"href":"https:\/\/www.keune.hr\/webshop\/wp-json\/wp\/v2\/product\/25467","targetHints":{"allow":["GET"]}}],"collection":[{"href":"https:\/\/www.keune.hr\/webshop\/wp-json\/wp\/v2\/product"}],"about":[{"href":"https:\/\/www.keune.hr\/webshop\/wp-json\/wp\/v2\/types\/product"}],"version-history":[{"count":4,"href":"https:\/\/www.keune.hr\/webshop\/wp-json\/wp\/v2\/product\/25467\/revisions"}],"predecessor-version":[{"id":27535,"href":"https:\/\/www.keune.hr\/webshop\/wp-json\/wp\/v2\/product\/25467\/revisions\/27535"}],"wp:featuredmedia":[{"embeddable":true,"href":"https:\/\/www.keune.hr\/webshop\/wp-json\/wp\/v2\/media\/25468"}],"wp:attachment":[{"href":"https:\/\/www.keune.hr\/webshop\/wp-json\/wp\/v2\/media?parent=25467"}],"wp:term":[{"taxonomy":"product_brand","embeddable":true,"href":"https:\/\/www.keune.hr\/webshop\/wp-json\/wp\/v2\/product_brand?post=25467"},{"taxonomy":"product_cat","embeddable":true,"href":"https:\/\/www.keune.hr\/webshop\/wp-json\/wp\/v2\/product_cat?post=25467"},{"taxonomy":"product_tag","embeddable":true,"href":"https:\/\/www.keune.hr\/webshop\/wp-json\/wp\/v2\/product_tag?post=25467"}],"curies":[{"name":"wp","href":"https:\/\/api.w.org\/{rel}","templated":true}]}}