{"id":26818,"date":"2025-11-04T16:11:42","date_gmt":"2025-11-04T15:11:42","guid":{"rendered":"https:\/\/www.keune.hr\/webshop\/?post_type=product&#038;p=26818"},"modified":"2025-11-04T16:19:35","modified_gmt":"2025-11-04T15:19:35","slug":"mirisna-svijeca","status":"publish","type":"product","link":"https:\/\/www.keune.hr\/webshop\/mirisna-svijeca\/","title":{"rendered":"Keune mirisna svije\u0107a"},"content":{"rendered":"<p data-start=\"695\" data-end=\"764\"><strong data-start=\"695\" data-end=\"737\">Otkrijte na\u0161u luksuznu mirisnu svije\u0107u<\/strong><br data-start=\"737\" data-end=\"740\" \/><strong data-start=\"740\" data-end=\"750\">Miris:<\/strong> Royal Amber<\/p>\n<p data-start=\"766\" data-end=\"938\">Zamislite ugodan zagrljaj toplog svjetla, obavijen bogatim jantarnim notama i bar\u0161unastom toplinom. Miris koji podsje\u0107a na dom: nenametljivo elegantan, beskrajno umiruju\u0107i.<\/p>\n","protected":false},"excerpt":{"rendered":"<p><strong data-start=\"695\" data-end=\"737\">Otkrijte na\u0161u luksuznu mirisnu svije\u0107u<\/strong><br data-start=\"737\" data-end=\"740\" \/><strong data-start=\"740\" data-end=\"750\">Miris:<\/strong> Royal Amber<\/p>\n","protected":false},"featured_media":26819,"template":"","meta":{"_acf_changed":false},"product_brand":[],"product_cat":[882],"product_tag":[],"class_list":{"0":"post-26818","1":"product","2":"type-product","3":"status-publish","4":"has-post-thumbnail","6":"product_cat-gift-boxes","8":"first","9":"instock","10":"taxable","11":"shipping-taxable","12":"purchasable","13":"product-type-simple"},"acf":[],"_links":{"self":[{"href":"https:\/\/www.keune.hr\/webshop\/wp-json\/wp\/v2\/product\/26818","targetHints":{"allow":["GET"]}}],"collection":[{"href":"https:\/\/www.keune.hr\/webshop\/wp-json\/wp\/v2\/product"}],"about":[{"href":"https:\/\/www.keune.hr\/webshop\/wp-json\/wp\/v2\/types\/product"}],"version-history":[{"count":1,"href":"https:\/\/www.keune.hr\/webshop\/wp-json\/wp\/v2\/product\/26818\/revisions"}],"predecessor-version":[{"id":26823,"href":"https:\/\/www.keune.hr\/webshop\/wp-json\/wp\/v2\/product\/26818\/revisions\/26823"}],"wp:featuredmedia":[{"embeddable":true,"href":"https:\/\/www.keune.hr\/webshop\/wp-json\/wp\/v2\/media\/26819"}],"wp:attachment":[{"href":"https:\/\/www.keune.hr\/webshop\/wp-json\/wp\/v2\/media?parent=26818"}],"wp:term":[{"taxonomy":"product_brand","embeddable":true,"href":"https:\/\/www.keune.hr\/webshop\/wp-json\/wp\/v2\/product_brand?post=26818"},{"taxonomy":"product_cat","embeddable":true,"href":"https:\/\/www.keune.hr\/webshop\/wp-json\/wp\/v2\/product_cat?post=26818"},{"taxonomy":"product_tag","embeddable":true,"href":"https:\/\/www.keune.hr\/webshop\/wp-json\/wp\/v2\/product_tag?post=26818"}],"curies":[{"name":"wp","href":"https:\/\/api.w.org\/{rel}","templated":true}]}}