{"id":27824,"date":"2026-05-04T12:17:50","date_gmt":"2026-05-04T10:17:50","guid":{"rendered":"https:\/\/www.keune.hr\/webshop\/?post_type=product&#038;p=27824"},"modified":"2026-05-04T12:49:21","modified_gmt":"2026-05-04T10:49:21","slug":"style-golden-gloss-50ml","status":"publish","type":"product","link":"https:\/\/www.keune.hr\/webshop\/style-golden-gloss-50ml\/","title":{"rendered":"Golden Gloss 50ml"},"content":{"rendered":"<p>Luksuzni dvofazni parfem za kosu koji nadilazi samu mirisnu notu \u2013 pru\u017ea izvanredan sjaj i jedinstveno senzorno iskustvo.<\/p>\n<p>Inspiriran toplim ljetnim danom na jugu Francuske, ovaj miris otvara se svje\u017eim citrusnim i aromati\u010dnim notama, prelazi u cvjetno srce i zavr\u0161ava toplom bazom jantara i vanilije.<\/p>\n<p>Zahvaljuju\u0107i nje\u017enom mirisnom profilu, Golden Gloss ne nadja\u010dava osobni parfem \u2013 ve\u0107 ga nadopunjuje. Savr\u0161eno se slojevito uklapa uz svaki miris, dodaju\u0107i dimenziju i da\u0161ak sjaja bez konkuriranja va\u0161em prepoznatljivom mirisu.<\/p>\n<p><strong>Miris:<\/strong> Sunlit Amber<\/p>\n<ul>\n<li>Dvofazna formula s njeguju\u0107im u\u010dinkom<br \/>\n\u2022 Dugotrajan miris<br \/>\n\u2022 Do 42 % vi\u0161e sjaja*<br \/>\n\u2022 Do 4x manje ispucalih vrhova*<\/li>\n<\/ul>\n","protected":false},"excerpt":{"rendered":"<p>Golden Gloss je luksuzni parfem koji <strong>funkcionira kao tretman i parfem za kosu<\/strong>. Njegova formula donosi do <strong>42% vi\u0161e sjaja i do \u010detiri puta manje rascijepljenih vrhova<\/strong>, a mirisna kompozicija razvijena je s jednako puno pa\u017enje kao i sama formula. Otvara se notama mandarine, bergamota i lavande, razvija se prema naran\u010dinom cvijetu, jasminu i pralineu, a zavr\u0161ava toplom bazom vanilije, mahovina i suhog ambra. Dovoljno je diskretna da se savr\u0161eno uklopi uz svaki osobni parfem, bez da se s njim natje\u010de.<\/p>\n","protected":false},"featured_media":27825,"template":"","meta":{"_acf_changed":false},"product_brand":[],"product_cat":[699,657,704,702,711,658],"product_tag":[],"class_list":{"0":"post-27824","1":"product","2":"type-product","3":"status-publish","4":"has-post-thumbnail","6":"product_cat-robna-marka","7":"product_cat-njega-kose","8":"product_cat-care","9":"product_cat-style","10":"product_cat-gloss","11":"product_cat-styling","13":"first","14":"instock","15":"taxable","16":"shipping-taxable","17":"purchasable","18":"product-type-simple"},"acf":[],"_links":{"self":[{"href":"https:\/\/www.keune.hr\/webshop\/wp-json\/wp\/v2\/product\/27824","targetHints":{"allow":["GET"]}}],"collection":[{"href":"https:\/\/www.keune.hr\/webshop\/wp-json\/wp\/v2\/product"}],"about":[{"href":"https:\/\/www.keune.hr\/webshop\/wp-json\/wp\/v2\/types\/product"}],"version-history":[{"count":1,"href":"https:\/\/www.keune.hr\/webshop\/wp-json\/wp\/v2\/product\/27824\/revisions"}],"predecessor-version":[{"id":27829,"href":"https:\/\/www.keune.hr\/webshop\/wp-json\/wp\/v2\/product\/27824\/revisions\/27829"}],"wp:featuredmedia":[{"embeddable":true,"href":"https:\/\/www.keune.hr\/webshop\/wp-json\/wp\/v2\/media\/27825"}],"wp:attachment":[{"href":"https:\/\/www.keune.hr\/webshop\/wp-json\/wp\/v2\/media?parent=27824"}],"wp:term":[{"taxonomy":"product_brand","embeddable":true,"href":"https:\/\/www.keune.hr\/webshop\/wp-json\/wp\/v2\/product_brand?post=27824"},{"taxonomy":"product_cat","embeddable":true,"href":"https:\/\/www.keune.hr\/webshop\/wp-json\/wp\/v2\/product_cat?post=27824"},{"taxonomy":"product_tag","embeddable":true,"href":"https:\/\/www.keune.hr\/webshop\/wp-json\/wp\/v2\/product_tag?post=27824"}],"curies":[{"name":"wp","href":"https:\/\/api.w.org\/{rel}","templated":true}]}}