{"id":27830,"date":"2026-05-04T12:59:49","date_gmt":"2026-05-04T10:59:49","guid":{"rendered":"https:\/\/www.keune.hr\/webshop\/?post_type=product&#038;p=27830"},"modified":"2026-05-06T10:45:34","modified_gmt":"2026-05-06T08:45:34","slug":"style-sea-foam-200ml","status":"publish","type":"product","link":"https:\/\/www.keune.hr\/webshop\/style-sea-foam-200ml\/","title":{"rendered":"Style Sea Foam 200ml"},"content":{"rendered":"<p>Lagan, teku\u0107i styler koji se pretvara u pjenu i stvara lepr\u0161avu teksturu i prozra\u010dan volumen \u2013 idealan za tanku kosu i prirodne, beach lookove.<\/p>\n<p><strong>Miris:<\/strong> Rhubarb Boom<\/p>\n<ul>\n<li>Do 2x vi\u0161e volumena*<\/li>\n<li>\u00a0Dugotrajan volumen do 24 sata*<\/li>\n<li>\u00a0Za\u0161tita od topline do 230 \u00b0C*<\/li>\n<\/ul>\n","protected":false},"excerpt":{"rendered":"<p>Sea Foam je odgovor na problem koji mnoge vlasnice fine kose dobro poznaju. Inovativni teku\u0107i styler koji se pretvara u pjenu na dlanu pru\u017ea do dva puta vi\u0161e volumena koji se zadr\u017eava do 24 sata. Uz za\u0161titu od topline do 230\u00b0C, svakodnevna upotreba vi\u0161e nije pitanje.<\/p>\n","protected":false},"featured_media":27832,"template":"","meta":{"_acf_changed":false},"product_brand":[],"product_cat":[699,702,715,869,658,683],"product_tag":[],"class_list":{"0":"post-27830","1":"product","2":"type-product","3":"status-publish","4":"has-post-thumbnail","6":"product_cat-robna-marka","7":"product_cat-style","8":"product_cat-volume","9":"product_cat-volume-and-grip","10":"product_cat-styling","11":"product_cat-pjena-styling","13":"first","14":"instock","15":"taxable","16":"shipping-taxable","17":"purchasable","18":"product-type-simple"},"acf":[],"_links":{"self":[{"href":"https:\/\/www.keune.hr\/webshop\/wp-json\/wp\/v2\/product\/27830","targetHints":{"allow":["GET"]}}],"collection":[{"href":"https:\/\/www.keune.hr\/webshop\/wp-json\/wp\/v2\/product"}],"about":[{"href":"https:\/\/www.keune.hr\/webshop\/wp-json\/wp\/v2\/types\/product"}],"version-history":[{"count":1,"href":"https:\/\/www.keune.hr\/webshop\/wp-json\/wp\/v2\/product\/27830\/revisions"}],"predecessor-version":[{"id":27834,"href":"https:\/\/www.keune.hr\/webshop\/wp-json\/wp\/v2\/product\/27830\/revisions\/27834"}],"wp:featuredmedia":[{"embeddable":true,"href":"https:\/\/www.keune.hr\/webshop\/wp-json\/wp\/v2\/media\/27832"}],"wp:attachment":[{"href":"https:\/\/www.keune.hr\/webshop\/wp-json\/wp\/v2\/media?parent=27830"}],"wp:term":[{"taxonomy":"product_brand","embeddable":true,"href":"https:\/\/www.keune.hr\/webshop\/wp-json\/wp\/v2\/product_brand?post=27830"},{"taxonomy":"product_cat","embeddable":true,"href":"https:\/\/www.keune.hr\/webshop\/wp-json\/wp\/v2\/product_cat?post=27830"},{"taxonomy":"product_tag","embeddable":true,"href":"https:\/\/www.keune.hr\/webshop\/wp-json\/wp\/v2\/product_tag?post=27830"}],"curies":[{"name":"wp","href":"https:\/\/api.w.org\/{rel}","templated":true}]}}